me number?
True
Let i(v) = v**3 - 13*v**2 + 6*v + 11. Is i(14) composite?
True
Suppose 3*h + 5021 = 2*a, -3*a + 2*h - 4*h = -7551. Is a a composite number?
True
Let p = -7 + 10. Is (3 - -355)*p/6 a prime number?
True
Let j(m) = -838*m**3 + m**2 - m - 1. Is j(-1) a composite number?
False
Suppose -9*q = -5*q - 2164. Is q composite?
False
Let z = -3 - -6. Suppose -k - 254 = -z*k. Is k composite?
False
Let p(z) = 401*z**2 + 12*z + 29. Is p(-4) composite?
False
Suppose 0 = b - 0*b - 400. Let u = b + -251. Is u a composite number?
False
Let z be 24/3 + 1 + 2. Let w(f) = 8*f + 9. Is w(z) a composite number?
False
Let d(i) = -50*i - 1. Is d(-6) prime?
False
Let o = 7 + 30. Is o a prime number?
True
Let z(m) = -m - 2. Let y be z(-4). Suppose 0 = -5*v + 3*b + 415, -4*b + 3*b = -y*v + 166. Is v a composite number?
False
Let j(f) = f**2 - 6. Let i be j(-7). Suppose r + 4*r = 3*q + 26, 12 = 5*r + 4*q. Suppose r*v - i = 97. Is v a prime number?
False
Let f(k) = k**2 - 3*k - 7. Let h be f(5). Let t(q) = q**3 - 2*q**2 - 2*q - 1. Let o be t(h). Suppose -5*r + 551 = -2*i, o*i - 3 = 3*i. Is r a prime number?
True
Let o(l) = 11 - 2*l + 2*l - 2*l. Let y = 41 - 51. Is o(y) a prime number?
True
Suppose 5*u - v - 2595 - 1942 = 0, -4*u = 3*v - 3622. Is u a prime number?
True
Let i(v) = 7*v**2 - 7*v - 1. Is i(7) a prime number?
True
Let d = -6 + 6. Suppose 0 = -d*l - 4*l + 388. Is l a composite number?
False
Let f be 16/6 + (-4)/6. Suppose -2*b = -5*g + 11, -f*g + 3 + 7 = 2*b. Is g a prime number?
True
Let n = 3 + 1. Suppose -n*w - 1480 = -8*w. Suppose -w + 103 = -3*y. Is y a prime number?
True
Suppose -5 = -2*w + 9. Suppose w*l - 178 = -2*h + 2*l, -4*h + 2*l + 308 = 0. Is h a composite number?
False
Let w = 21 + -2. Let i = 29 - w. Is i prime?
False
Let q(r) = -583*r**2 - 4*r + 3. Let o be q(2). Let m(d) = d + 12. Let x be m(-5). Is (-2)/x - o/21 a prime number?
False
Let l(w) be the third derivative of 2*w**5/15 + 5*w**4/12 + 5*w**3/6 + w**2. Is l(-7) composite?
True
Suppose -2*o - 5*z = -2584, 0 = o + 4*o + 5*z - 6445. Let f(x) = -4*x + 1. Let a be f(-1). Suppose 50 = 3*s + 4*j - 713, a*s = j + o. Is s composite?
False
Let g(o) = o**3 - 16*o**2 + 20*o + 6. Is g(17) a prime number?
False
Is -11 + 876 - 4*-1 prime?
False
Suppose 748 = 10*k - 6*k. Is k composite?
True
Let i = -1393 + 2402. Is i a composite number?
False
Let b(c) = c - 5. Let h be b(8). Suppose -d = -3*a - 107, 4*a + 19 = h. Is d prime?
False
Let d = 202 - 124. Suppose 3*h - d = -0*h. Let x = h + -12. Is x composite?
True
Suppose -12*k + 11*k = -587. Is k composite?
False
Let p be (3 - -12)*(-1)/(-3). Suppose -332 = -3*o + p*c, 2*c - 40 = -3*o + 285. Is o a composite number?
False
Suppose 4*o - 3*o - 5*c + 3 = 0, 4*c + 6 = 2*o. Is 2/o - 369/(-7) composite?
False
Let s = 158 + -73. Is s prime?
False
Let o = 266 - 145. Is o composite?
True
Let b = -19 + 11. Let l(k) be the first derivative of k**3/3 - 5*k**2/2 - 11*k - 2. Is l(b) a composite number?
True
Suppose 5*j + 2*d + 15 = 0, 3*d - 2*d = -5*j - 10. Let r be (j - 0)*(2 - 4). Is (-698)/(-18) - r/(-9) a composite number?
True
Suppose 797 = 3*p - 2*p. Is p prime?
True
Is ((-1949)/3)/(1 - 12/9) composite?
False
Let s be 112/(-5) + 27/(-45). Let g = 64 + -26. Let i = s + g. Is i prime?
False
Let n(z) be the second derivative of -z**5/20 + 7*z**4/12 + z**3 - 3*z**2/2 + 5*z. Is n(-4) a composite number?
False
Suppose -8*h + 3*h + 3835 = 0. Is h composite?
True
Let l = -606 - -899. Is l prime?
True
Suppose 2*y + 5*g - 479 = 264, 0 = -5*y - 4*g + 1883. Is y a composite number?
False
Suppose 3*x + 3*h = 5*h + 8, 0 = -4*x - 3*h + 5. Suppose p - k - x = 8, 0 = -5*p - 5*k. Suppose p*d = -3*q + 27 + 86, -70 = -2*q - 2*d. Is q prime?
True
Is (-3897)/(-18) - (-1)/2 prime?
False
Let a(y) = -234*y**3 - 8 + 12 - 5 + 2*y**2. Is a(-1) prime?
False
Is 6/10 - 2464/(-35) prime?
True
Let c = 0 - 0. Suppose -4 = -4*s + 4*d, 4*d = 4 - c. Is s/6 + (-68)/(-3) prime?
True
Let t(a) = -8*a**3 - a**2 - a + 5. Let s be t(-4). Suppose 4*x - s + 129 = 0. Is x a composite number?
True
Let r(g) = -g**2 - 1. Let q(w) = 101*w**2 - 4. Let m(v) = q(v) - 5*r(v). Let p be m(-1). Suppose z + 10 = p. Is z prime?
True
Let f be ((-2)/4)/((-2)/12). Suppose c + 0*c = f. Suppose -k - 106 = -c*k. Is k a prime number?
True
Suppose -5*s = 1 - 11. Let l be (1 - 1) + 1*s. Suppose -2*x + 77 = p + l*p, 4*x = -3*p + 151. Is x a composite number?
False
Let t(g) = -g**3 - 6*g**2 + 2*g + 3. Is t(-8) composite?
True
Is 69/(-2)*-3*(-40)/(-36) a composite number?
True
Let u(n) be the third derivative of -17*n**4/24 - n**3/6 + n**2. Let i be u(-2). Suppose 6 = -3*d + i. Is d a prime number?
False
Let b = 0 + 4. Suppose -2*y - 130 = -b*y. Is y a prime number?
False
Let i = -204 - -895. Is i prime?
True
Let r be 1/(1*(-1)/(-339)). Suppose i - r = -2*i. Suppose 0 = -b - 2 - 2, -5*b - i = -3*z. Is z a prime number?
True
Let n(m) = 518*m**2 + 4*m - 7. Is n(2) composite?
True
Suppose -q + 1929 = 3*z + q, 0 = -5*z + 5*q + 3190. Is z prime?
True
Let c(s) = -24*s - 1. Is c(-4) a prime number?
False
Let m(t) = t - 10. Let i be m(10). Suppose -5*f = -2*j + 118, i*j + 3*j + f = 177. Is j a composite number?
False
Let m = 11 + 48. Let v = m - 40. Suppose x + 3*y - v = -0*y, 5*y = -3*x + 61. Is x a composite number?
True
Let k be (2 + -3)*1 + 5. Suppose k*q = -3*o - q + 181, 2*q - 232 = -4*o. Is o a prime number?
False
Let o(x) = -14*x**3 - 2*x**2 - 3*x - 6. Let l(k) = -k**3 - 1. Let u(t) = -5*l(t) + o(t). Is u(-2) a composite number?
True
Let v(y) = 30*y**3 + 8*y**2 - 3*y + 6. Is v(5) prime?
False
Suppose 4*n - 2*g = 7556, -n - 9445 = -6*n - 5*g. Is n composite?
False
Let l(n) = 3*n**2 + 5*n + 3. Let r be l(-7). Suppose -o + x + r = o, -3*o + 3*x = -168. Is o a prime number?
True
Suppose -3*j = 2*g - 11281, -12 = -2*j + 6*j. Is g a composite number?
True
Let r(z) = -10*z + 45. Is r(-19) a prime number?
False
Suppose -4*t - 49 = 5*o - 16, 3*o = 3*t - 9. Let k = t + -1. Is 0/k - 1 - -36 a prime number?
False
Let d(r) = -r**3 - 3*r**2 + 4*r + 2. Let z be d(-4). Suppose 0 = 4*w - 12, -z*w - 741 - 1 = -4*j. Is j composite?
True
Suppose -86 = -f + 2519. Is f prime?
False
Suppose 2*q + 0*k - k = 349, -4*q = 2*k - 702. Suppose 8*v - q = 3*v. Let h = 68 - v. Is h prime?
False
Suppose -4*i = 5*w - 335, -3*w + 188 = 7*i - 2*i. Is w composite?
False
Let r(f) = -2*f + 2. Let q be r(-6). Let d be q*1 + 1 - -1. Suppose 2*l = 2*c - 28, l - d = 5*l. Is c a composite number?
True
Suppose 0 = -j + 5*i + 125, 5*j - 419 = 5*i + 126. Suppose j = 5*h - 5. Is h a prime number?
False
Let x(v) = v**3 + 2*v**2 - 3*v + v + 3*v**2. Let n(g) = -2*g + 3. Let y be n(4). Is x(y) prime?
False
Let k(d) = -d**3 - 9*d**2 - 7*d + 7. Let o be k(-8). Let l be -12 - (-4 - 2*o). Let i = l + 14. Is i a prime number?
False
Suppose i - 22 = -5*z, -3*z + 3 = 4*i - 0. Let o = z - 7. Let f(v) = 2*v**2 + 2*v + 3. Is f(o) a prime number?
True
Suppose 0*h + 4*h + 9 = 3*j, h - 12 = -4*j. Suppose 3*w + 5*a - 1118 = 0, 0 = -0*w - 3*w - 3*a + 1116. Is (w*j/3)/1 a composite number?
True
Is (-4)/14 - 1115/(-7) a prime number?
False
Suppose 2*f - f + 17 = 3*g, 5*g - 27 = 2*f. Suppose g*w = 2*w + 905. Is w a prime number?
True
Let v(t) = -7 - 7*t**2 - 2*t - t**3 - t**3 + t**3. Let g be v(-7). Let r = g - -8. Is r prime?
False
Let j(r) = -3 + 46*r - 2 + 32*r. Is j(4) a prime number?
True
Suppose 2*j - 13 = 5*q + 5, 2*j = -4*q + 54. Is j composite?
False
Let v(z) = -5*z**2 - 8*z - 1. Let j be v(9). Is j/(-4) - 9/(-6) a prime number?
False
Suppose p = -2 - 5. Let w(n) = n**3 + 4*n**2 - 11*n - 5. Let r be w(p). Is r/10*(-14)/3 composite?
True
Let j(y) = 59*y + 10. Let u(n) = -39*n - 7. Let s = -5 + 0. Let h(d) = s*j(d) - 8*u(d). Is h(5) composite?
True
Suppose 8*n - 83972 = -6*n. Is n prime?
False
Let y(s) = 130*s - 1. Is y(2) a prime number?
False
Suppose -4*o + 132 = -5*s, 4*s = o + 3*o - 132. Is o prime?
False
Let k be 36/27*(140 - -1). Suppose 0*f - k = -4*f. Is f composite?
False
Let g(c) = 1 - 1 + 2*c. Suppose 5*q + 2*h = -3*h + 30, 2*q - 2*h = 16. Is g(q) a composite number?
True
Suppose -5*w + 7 = -4*w. Is w a prime number?
True
Let v = 1 + 33. Suppose 2*a + 8 = v. Is a prime?
True
Suppose 4*x + 2*o + 18 - 6 = 0, 15 = -5*x + 5*o. Let c = x - -4. Is c + 30 + 0/2 a prime number